2)/(-4)?
2, 11
Suppose -9 - 11 = -4*z. What are the prime factors of z?
5
Let d(l) = -l**3 + 6*l**2 - 3*l - 2. Let a be d(4). Let h = a + 33. Suppose -4*j - 11 + h = 0. List the prime factors of j.
2, 5
Suppose -41 = 4*h - 349. List the prime factors of h.
7, 11
Let u(p) = 3*p**2 - p. Let x be u(-1). Suppose q = -3*y + 13, -x*y - 4*q + 11 = -9. Let g(c) = c - 1. List the prime factors of g(y).
3
Suppose 6*z - 3*z + i + 81 = 0, 4*i - 124 = 4*z. Let d = -17 - z. List the prime factors of d.
11
Let m = 115 - 55. List the prime factors of m.
2, 3, 5
Suppose 4*y - a + 3 + 4 = 0, -y + 3*a + 12 = 0. Let n = 5 + y. List the prime factors of n/9 - (-61)/9.
7
Let d = 8 - 6. Suppose -2*h + d - 6 = 0. What are the prime factors of 3*h/3 + 10?
2
Suppose 2*x + 3 + 1 = 0. Let p be (20/8)/(1/x). List the prime factors of (-43)/p - 4/(-10).
3
Let k be 7 + (-3 + 2)*2. Suppose -k*c - 4*a = -a - 85, -5*a = -2*c + 34. What are the prime factors of c?
17
Let b = 44 + -68. Let z = 42 + b. What are the prime factors of z?
2, 3
Let i = -55 + 17. Let g = i + 56. List the prime factors of g.
2, 3
Let a(l) = 5*l + 2*l - 2 + 2*l + 0*l. What are the prime factors of a(2)?
2
Let f = -7 + 26. List the prime factors of f.
19
Suppose p - 5*v + 114 = 2*p, -4*p + 3*v = -387. List the prime factors of p.
3, 11
Suppose -5*g = -4*f - 98, -f - 61 = -5*g + 46. List the prime factors of g.
2, 11
Suppose 2*o - 3*o = -3*a - 11, -o + 8 = -2*a. Let q be 1 - (o - 1) - -15. What are the prime factors of q/2*(-8)/(-6)?
2, 5
Let o(i) = i**2 + i - 3. List the prime factors of o(8).
3, 23
Let g(l) = -l**3 - 7*l**2 - 8*l - 8. Let c(h) = -h**2 - 4*h + 5. Let o be c(-5). Suppose 2*f - r + 11 = -1, -5*r = o. What are the prime factors of g(f)?
2
Let h = 12 + 29. List the prime factors of h.
41
Let h(x) = 3*x**3 - 4*x**2 + 2*x**3 - x**2 + x + 4*x**2. What are the prime factors of h(1)?
5
Suppose 0*r = 2*a - 2*r, -5*r - 6 = a. List the prime factors of a - (-2 - (14 - 0)).
3, 5
Suppose 0*d + 3*d + 46 = -5*m, 12 = 3*m. What are the prime factors of 2/(-4)*d + 0?
11
Let g(r) = r**3 - 7*r**2 + 12*r - 1. List the prime factors of g(5).
3
Let a(m) = -12*m - 1. Let f be a(-2). Suppose 4*x = 167 - f. List the prime factors of x.
2, 3
Let y(q) = 6*q**3 + 1 - q**3 + 7*q**3 - q. Suppose -2*b = -0*b - 2. List the prime factors of y(b).
2, 3
Let z be (-5)/(-2)*28/35. Let l(d) = 2*d**3 + d**2 + 4*d - 3. What are the prime factors of l(z)?
5
Suppose -4*v - 4*j + 44 = 0, -3*j - 1 - 2 = 0. Suppose -2*z = -v + 2. List the prime factors of z.
5
Let r = -15 + 24. Suppose 2*q + 11 + r = 0. Let c = q - -14. List the prime factors of c.
2
Let k(w) = -10*w - 3. Let s be k(-2). Let a be (-14)/(-6)*(1 - 4). Let n = a + s. What are the prime factors of n?
2, 5
Let n(h) = -4*h**3 - 6*h**2 + 1. Let g(r) = r**2 - r. Let y(l) = 2*g(l) + n(l). List the prime factors of y(-2).
3, 7
Suppose -6 = 4*u - 10. List the prime factors of u/(1*2/34).
17
List the prime factors of (-5)/((-5)/(-1)) + 80.
79
Let y(n) = -2*n + 17. Let o be (3 + -1 + -2)/1. List the prime factors of y(o).
17
Let q = 74 - 35. List the prime factors of q.
3, 13
Let i = -5 + 47. List the prime factors of i.
2, 3, 7
Let l = 142 + -70. List the prime factors of l.
2, 3
Let j(z) = -6*z - 4. Let m be j(-4). Suppose -8 + m = -4*b. List the prime factors of b/(-9) - 52/(-6).
3
Let f(a) = 3*a - 8. Let n be f(5). Suppose -1 - n = 4*q, -2*r + 3*q + 32 = 0. List the prime factors of r.
13
Let u(s) = -s**3 + 9*s**2 + 19*s. List the prime factors of u(8).
2, 3
Suppose -g - 5 = -q, q + g + 7 = -2*g. Suppose w - 45 = -q*w. Suppose 5*f = -w, f + 30 = 3*j - f. List the prime factors of j.
2
Let u be (-12)/10*(-25)/10. Suppose -u*f + 116 = f. List the prime factors of f.
29
Suppose -2*q + 0*q + 2*t + 86 = 0, -3*q = -2*t - 129. Suppose -2 = -l + q. What are the prime factors of 5/(-10)*(1 - l)?
2, 11
Let f(d) = -d**3 - 5*d**2 - 4*d. Let g be f(-3). Let w be 69/g - (-1)/2. List the prime factors of (-134)/(-11) - (-2)/w.
2, 3
Suppose -4*k - 3 = 4*f + 1, -4*k = 0. Let z be 4/(2 + 0) - f. Suppose z*b - 53 = -4*j, -4*b + 3*j = j - 34. List the prime factors of b.
11
Let g be (2*-4 - 1)*1. Let r(c) = c + 4. Let p be r(g). What are the prime factors of p/2*(-8)/10?
2
Suppose 9 = 2*p + h, -2*p - h = -5*h - 14. Let t(d) be the third derivative of d**5/60 - d**4/8 - d**3 + 2*d**2. List the prime factors of t(p).
2
Let n(d) = 7*d**2 - 1. Suppose -10*k - 2 = -8*k. List the prime factors of n(k).
2, 3
Let y(l) be the second derivative of 0 + 1/6*l**3 + 1/12*l**4 - 4*l - 5/2*l**2. List the prime factors of y(-5).
3, 5
Suppose -5 = -3*v + 3*y + 1, -24 = -5*v - 2*y. Let g = 85 - 41. Suppose -4*z = v*j - g, -2*z + 6 = -j + 2*j. List the prime factors of j.
2
Let j = 0 + 3. Suppose 0 = j*l - 32 + 5. List the prime factors of l.
3
Let c = -5 + 10. Suppose -2*j = -5*q - 4 - 17, c*j = -5*q. List the prime factors of j.
3
Suppose -z + 3*z + j = 15, z - j - 15 = 0. Suppose 0 = -5*y + 5 + z. What are the prime factors of y?
3
Let f = -2 - -5. What are the prime factors of 3/9 + 17/f?
2, 3
Let y(p) = 21*p - 54. List the prime factors of y(17).
3, 101
Suppose -c + 3*u + 39 = 0, 0 = -5*c - 7*u + 2*u + 155. Suppose -5*i + q = -c, 0 = 3*i - 5*i - 2*q + 6. List the prime factors of i.
2, 3
Let t = -34 - -97. What are the prime factors of t?
3, 7
Let y be 5 - 4 - (2 - 2). Let l(w) = 4*w - 1. What are the prime factors of l(y)?
3
Suppose -8*m = -5*m + 45. Let u = 23 + m. List the prime factors of u.
2
Suppose -3*p - 60 = -6*p. List the prime factors of (p/(-6))/((-4)/6).
5
Suppose 4*f - 7 = 29. What are the prime factors of f?
3
Let x = 25 - -9. Suppose 0 = 3*n - x + 4. What are the prime factors of n?
2, 5
Suppose 0 = -5*h + 6*h - 80. List the prime factors of h.
2, 5
Let o(v) be the third derivative of v**6/120 + v**5/30 - v**4/12 - v**3/3 - 3*v**2. Suppose -3*u - 3*l - 14 = u, 4*u - 3*l = -2. List the prime factors of o(u).
2
Let r(v) = -7*v - 8. Suppose 11 = -2*y - 1. List the prime factors of r(y).
2, 17
Suppose 0 = 4*d - 7 - 25. Let x = -5 + d. Suppose 15 = x*c - 3*r, -2*c - 3*r = -8*r - 10. List the prime factors of c.
5
Let k(a) = 6*a - a**2 - 8 + a + a. Let t(m) = m**3 + 3*m**2 - 2*m. Let b be t(-3). List the prime factors of k(b).
2
Suppose 0 = 2*a + 4, 0 = 2*y - a - 2*a - 8. Let f(w) be the first derivative of 4*w**3 + w**2/2 - w + 1. What are the prime factors of f(y)?
2, 3
Let c(h) = 3*h - 5. Let d be c(5). Let k = 14 - d. List the prime factors of k.
2
Let z = 65 + -27. What are the prime factors of z?
2, 19
Let t = -4 - -7. Suppose 103 = -4*a + 5*d, a + t*d = d - 16. Let c = -12 - a. List the prime factors of c.
2, 5
Let t(m) = 0 + 4 + 5*m - 6*m + 3. List the prime factors of t(4).
3
Suppose 4*c = p - 1, -p + 4*c + 37 = 4*p. What are the prime factors of p?
3
Let y(f) = 8*f**3 + 2*f - 1. Let x(p) = 6*p. Let b be x(-3). Let w be (-2)/(-12) + (-15)/b. List the prime factors of y(w).
3
Let n(v) = -v**3 + 7*v**2 - 2. Let a be n(7). Let m(w) = 5*w**2 + 3*w + 2. What are the prime factors of m(a)?
2
Suppose w + 4 = -2*i - 2, w + 5*i + 21 = 0. Suppose 2 + w = -q. Let x(y) = -2*y - 5. What are the prime factors of x(q)?
7
Suppose -2*u + u + 45 = 0. List the prime factors of u.
3, 5
Let h(t) = 16*t + 1. Let x be h(1). Let b = -5 + x. List the prime factors of b.
2, 3
Let i = -7 - -8. What are the prime factors of (24/(-32))/(i/(-44))?
3, 11
Let m = -155 + 244. What are the prime factors of m?
89
Suppose -245 = -7*p + 2*p. What are the prime factors of p?
7
Let x(p) = p**3 + 4*p**2 - p + 3. List the prime factors of x(-4).
7
Suppose -2*r + 318 + 84 = 0. What are the prime factors of r?
3, 67
Let n = 16 - 14. List the prime factors of n.
2
What are the prime factors of 1690/6 + 20/(-30)?
281
Let q = 0 - -2. Suppose -q*g = -5*o - 9 + 40, -3*g = -5*o + 34. List the prime factors of o.
5
Let u(q) = -11*q + 7. Let f be -2 - (4 + 4 + -7). What are the prime factors of u(f)?
2, 5
Let n(o) = -2*o + 122. What are the prime factors of n(28)?
2, 3, 11
Suppose -4*y + 33 = 29. Let p = 8 + y. What are the prime factors of p?
3
Suppose -3*s = -19 + 1. List the prime factors of s.
2, 3
Let r(y) = -y**2 + 6*y. Let o be r(6). Suppose 4*w + 4*i = 3*i - 142, -2*i + 40 = -w. What are the prime factors of -2 + w/(-3) - o?
2, 